be the second derivative of -p**5/20 - 5*p**4/12 + 17*p**3/3 - 37*p**2/2 - 40*p. Is a(-15) a prime number?
False
Is (764/(-1146))/(1 + (-54176)/54174) a composite number?
True
Let m be ((-2)/2)/(4/(-48)). Suppose m = z - 10. Let r = 431 + z. Is r a prime number?
False
Let q be (((-3)/6)/((-3)/(-24)))/1. Is q + 2108 - (2 + 1) a prime number?
False
Suppose -5*k + 9*k + 2562 = 2*l, -2*k - 3863 = -3*l. Is l composite?
False
Suppose -2*p + 1768 = -2*r, -5*p + 0*r + 3*r + 4426 = 0. Is p a prime number?
True
Suppose 0 = -3*a - 3, -5*m - 5*a = 87 + 23. Let f be 1646/14 - m/49. Suppose d - 67 = f. Is d prime?
False
Let z(s) = s**2 + s. Let w be z(0). Suppose w = -7*q + 4*q + 2028. Suppose -2*d = -3*g + g + q, 4*g + d = 1337. Is g a prime number?
False
Let z = 128 - 278. Let y = -57 - z. Is y a composite number?
True
Suppose -294 = -2*v + k, -3*k = -v + 5*v - 568. Is v prime?
False
Let j(c) = c**2 - 14*c - 12. Let r be j(15). Suppose -4*u + 206 = i - r*u, 2*i + 5*u = 397. Is i prime?
True
Let b(a) = 24*a**2 - 2*a + 6. Let q be b(2). Let m = q - 59. Is m a prime number?
False
Suppose 0*h - 10 = -2*h. Let t be 14/h - 1/(-5). Suppose -m + t + 1 = 0. Is m a composite number?
True
Let d(b) = 36*b - 3. Let i be d(12). Suppose -3*w - i = -1422. Is w prime?
True
Let j = 27 + -22. Suppose -a + 4*s = -4, 5*a - 8*s - j = -3*s. Suppose -y - y + 92 = a. Is y a prime number?
False
Let k = 9022 + -6251. Is k composite?
True
Let a(k) be the first derivative of -2*k**2 - 7*k - 9. Let y be a(-3). Is (-31496)/(-40) - 2/y prime?
True
Let f be (1313 - 4/4) + 3. Suppose 4456 = 4*i + 4*y, f = i + 3*y + 207. Is i a prime number?
True
Suppose -c + 920 = 4*v, 0*v - 2*v - c = -462. Let d = v + -30. Is d a composite number?
False
Let l(o) be the third derivative of -o**4 - 5*o**3/6 + 17*o**2. Is l(-13) composite?
False
Suppose -13*h = 30241 - 278658. Is h a composite number?
True
Let d = -15 - -19. Suppose 1501 = 7*r - d. Suppose -12*y + 17*y - r = 0. Is y a composite number?
False
Let d = 2977 + -1232. Is d composite?
True
Let z(d) = d - 4. Let k be z(13). Let r be (-10 + k)/((-2)/16). Is (0 + 2)*596/r a prime number?
True
Let z(b) = 22*b**3 - 12*b**2 - 4*b + 40. Let y(k) = -7*k**3 + 4*k**2 + k - 13. Let n(m) = -7*y(m) - 2*z(m). Is n(4) composite?
False
Let c(q) = 550*q**3 + 3*q**2 - 3*q + 1. Let k = -60 + 61. Is c(k) a prime number?
False
Let x = 0 + 3. Let b = x - 1. Is (-1 - b)/((-15)/415) composite?
False
Is 2/(-2 + 10) - 153387/(-228) composite?
False
Suppose -22 = -j - w - w, -j + w = -7. Let f(v) be the second derivative of v**4/12 + 2*v**3 + 5*v**2/2 - 2*v. Is f(j) composite?
False
Let o(t) = 4261*t**2 + 3*t - 7. Is o(3) composite?
False
Let z = 2835 - 1265. Let j = z - 812. Suppose -3*x + j = 185. Is x prime?
True
Let q = -24037 - -41438. Is q composite?
False
Is (-6 + (-7)/(-7))/((-2)/194) composite?
True
Let k = -5093 + 32646. Is k prime?
False
Let m(d) = -9046*d + 513. Is m(-5) prime?
False
Suppose -h - n = 3, -2*n - 2*n = 4. Let p be 2/(h - 4912/(-2452)). Let d = p + -232. Is d a prime number?
False
Suppose 18*v - 8859 = 15*v. Is v a composite number?
False
Let z(j) = 295*j**3 + 16*j**2 - 12*j + 6. Let m(u) = 197*u**3 + 11*u**2 - 8*u + 4. Let q(s) = -7*m(s) + 5*z(s). Is q(1) a composite number?
False
Let l(c) = -711*c - 446. Is l(-21) a prime number?
False
Let c(k) = 6*k. Let y be c(11). Let s = y + -21. Suppose 0 = 3*i - 4*n - 183, -i + 4*n = -8 - s. Is i a prime number?
False
Let x = 33831 - 18710. Is x a prime number?
True
Let t(s) = -3*s**2 + 3*s. Let w be t(-2). Let k = -22 - w. Is 195 + (3 - (3 - k)) a prime number?
True
Let c = -4 - -8. Suppose 3*k + 5 = c*k. Suppose 3*q + 4*d - 162 = 203, k*q - 647 = 3*d. Is q a prime number?
True
Suppose 5*p + 74865 = 5*q, 0 = 3*q + 18*p - 17*p - 44911. Is q a prime number?
False
Is ((-1298)/(-396) + (-2)/(-9))*1642 prime?
False
Suppose 5*p = -2*i + 22, -4*i + 4*p + 38 = -6. Is (-47403)/(-99) + 2/i a composite number?
False
Let r(f) be the second derivative of 5/3*f**3 + 0 + 3/2*f**2 + 2*f. Is r(3) a prime number?
False
Let v = -7 - -10. Suppose 3*d - 54 = v. Is d prime?
True
Let g(q) = -q**2 + 4*q + 9. Let i be g(7). Let p = i + 14. Suppose 4*s + 385 = 3*o, 2 = p*s + 4. Is o prime?
True
Suppose -5*c - 34874 = -3*r, 2418 = 5*r + 2*c - 55757. Is r composite?
False
Suppose -2*v - 3933 = -l, 7898 = 2*l + 18*v - 14*v. Is l a prime number?
False
Suppose 3*t + 1 = 4. Is (-3)/(t*(-15)/2615) a composite number?
False
Let b(y) = y**3 + 9*y**2 - 6*y - 1. Let l be b(-7). Suppose 15 = 2*i - l. Is i composite?
True
Suppose 3*c + 3 = 0, -5*c + 109791 = 5*o - 106359. Is o prime?
False
Suppose 1101 = 5*l - 2159. Let x be 2/(-3 + l/216). Let b = 154 - x. Is b prime?
False
Let a = -2250 - -11731. Is a composite?
True
Let i = -99 - -202. Is i a prime number?
True
Let o(j) = 220*j + 1. Let c be o(-6). Let s = c + 1950. Is s prime?
True
Let p(s) = -6*s**2 + 2*s + 3. Let t(r) = -11*r**2 + 2*r + 7. Let f(x) = -5*p(x) + 2*t(x). Suppose l + 2*l = -9. Is f(l) composite?
False
Let x(o) = 17400*o**3 - 3*o**2 - o + 3. Is x(1) a composite number?
True
Let r(u) = -217*u**2 - 2*u. Let v(z) = z + 4*z - 15*z + 1 - 217*z**2 + 8*z. Let t(m) = -3*r(m) + 2*v(m). Is t(-3) prime?
True
Let t(q) = 68*q + 11. Let d be t(4). Suppose -d = -15*i + 362. Is i prime?
True
Let q = 8481 - 5714. Is q composite?
False
Let a(f) = f**2 + 5*f + 3. Let r(w) = -w + 2. Let i be r(5). Let u be a(i). Is -1329*u/(2 + 7) a composite number?
False
Suppose -7*t - 8127 = 2*t. Let r = t - -1284. Is r composite?
True
Let t(o) = -2*o**3 - 3*o**2 + o + 1. Let h be t(6). Let s = 204 - h. Is s a composite number?
True
Let a(w) = 9*w**2 - 27*w - 205. Is a(36) prime?
True
Let u = -5 - -4. Is 332 + (2 - u) - 4 prime?
True
Let y(i) = 3*i**3 + 2*i**2 + 3. Let s(j) = 7*j**3 + 3*j**2 - j + 7. Let a(m) = 4*s(m) - 9*y(m). Let k = 28 - 20. Is a(k) a composite number?
False
Let z(p) be the second derivative of 14*p**3 - 5*p**2/2 - 45*p. Let c(q) = 3*q - 1. Let r be c(1). Is z(r) a prime number?
True
Let b(c) = 10*c**2 - 20*c - 55. Is b(-18) a composite number?
True
Suppose 0 = -2*f + d + 1000, -3*d + 2020 = 4*f - 0*d. Suppose 7*l - 8*l + f = 0. Is l a prime number?
False
Suppose 0*o - 21 = 3*j + 5*o, -3*j + 3*o + 3 = 0. Let r(d) = -143*d + 7. Is r(j) composite?
False
Is 276/(-3)*(-1 - 4455/36) composite?
True
Let p(r) = 5*r**3 + 7*r**2 - 17*r + 2. Is p(9) a composite number?
True
Suppose 4*i = -12 + 8. Let a = i + 4. Suppose 4*h - y - 1941 = 0, 5*h - a*y - 2601 + 173 = 0. Is h composite?
True
Let l(r) = -r**3 + r**2 - 4*r + 1. Let j be l(-4). Suppose -2*b + 115 = -j. Suppose -b = c - 3*c. Is c a composite number?
False
Let s(b) = -2432*b - 555. Is s(-4) a composite number?
False
Suppose -k - 7*k + 49112 = 0. Is k a composite number?
True
Suppose 4*s - s = 3*l + 3, 5*s - 21 = l. Suppose -3*w + 4*i = 512 - 3217, 0 = s*w - 2*i - 4527. Is w composite?
False
Let f(c) = c**3 - 9*c**2 - 9*c - 18. Let r = 64 - 51. Is f(r) composite?
False
Suppose 0 = 2*g - 10 + 2. Suppose 3*t - 2*j = j, -3*t = -j - g. Suppose 24 = 2*r - t. Is r a prime number?
True
Suppose -44255 = -20*o + 181205. Is o prime?
True
Let l = 4085 + -5946. Let h = -870 - l. Is h a prime number?
True
Let t(d) = d**3 + 7*d**2 + 5*d - 6. Let n be t(-6). Suppose o + r = -n*r - 1, 0 = o + 4*r + 4. Suppose -2*b + 3*f + 3 = -251, 4*f = o. Is b a composite number?
False
Let l(n) = 17*n**2 + n + 2. Let h be l(-1). Suppose -9*u = -h*u + 2115. Is u a prime number?
False
Let x be 2824 - (-3)/(6/(-2)). Suppose -6*r + x = -3*r. Is r a prime number?
True
Suppose 5*y - 5 = 25. Let h(t) be the first derivative of t**3/3 + 9*t**2/2 - 5*t - 49. Is h(y) prime?
False
Let f(c) = c**2 + 9*c - 23. Let z be f(-11). Is (24/36)/(z - 1342/(-1338)) prime?
True
Let f = -1818 + 960. Let n = f - -1813. Is n a composite number?
True
Suppose -24*s = -671804 - 124. Is s a prime number?
True
Suppose 10*m - 3*m - 105497 = 0. Is m a prime number?
False
Suppose 3*v + 2*s = 3, -5*v + 3 + 2 = -3*s. Is ((-6)/9)/(v/(-213)) composite?
True
Suppose 0 = 38*y - 33*y - 100. Suppose -y*u + 13*u = -7287. Is u a prime number?
False
Suppose -100 + 15 = -5*i. Let j be (20 - i) + (-100)/(-1). Suppose 0*s = s - j. Is s prime?
True
Let m(q) = 3*q**3 - 16*q**2 - 13*q + 6. Let x be m(13). Let t = -1407 